 70/6 - 2/3 is divided by d?
4
Suppose 31*i - 7284 - 3953 - 5038 = 0. What is the remainder when i is divided by 28?
21
Let d = -950383 + 950408. Suppose k - 6*k + 15 = 0. Suppose k*c + 73 - 295 = 0. What is the remainder when c is divided by d?
24
Let v be 5*9/6*(-8)/10. Calculate the remainder when (-13 - v) + 6 + 23 is divided by 22.
0
What is the remainder when ((-40)/7)/(398346/36218 - 11) is divided by 29?
7
Suppose -23*q = -6*q - 3400. Let a = q + -137. Calculate the remainder when a is divided by 16.
15
Let i(l) = -203*l + 663. Calculate the remainder when 215 is divided by i(3).
53
Let k = 109 - 39. Suppose -g = -6*g + k. Suppose -12*u - 48 = -g*u. What is the remainder when u is divided by 9?
6
Let m(z) = z**3 + 17*z**2 - 72*z + 65. What is the remainder when 421 is divided by m(4)?
82
Let o = 188 + -186. Suppose 6 = o*u, -3*l + 4*u = -8*l + 77. What is the remainder when 34 is divided by l?
8
Let b(l) = l**2 + 134*l + 2821. Calculate the remainder when 3624 is divided by b(-108).
10
Suppose 877*r - 874*r - 275 = 5*h, -2*r + 182 = -3*h. What is the remainder when 1358 is divided by r?
83
Let s = 126 - 86. Suppose 3*v = 5*j + s, -v + 0*v - 2*j = 5. Calculate the remainder when 172 is divided by v.
2
Let u(p) = -5*p**3 - 24*p**2 - 16*p + 5. What is the remainder when u(-16) is divided by 50?
47
What is the remainder when ((-22440)/210)/(2/10 + 187/(-385)) is divided by 95?
89
Let q = 290 - 289. Suppose -c = 5*v - 7 - 5, -2*c = -v - 13. Calculate the remainder when c is divided by q.
0
Let d(y) = 2*y**3 - 23*y**2 - 4*y - 8. Suppose 0 = 4*x + 53 - 13. Calculate the remainder when d(12) is divided by 47/2 + 5/x.
19
Let d(t) = -t**3 - 7*t**2 - 24*t + 1. Let x be ((-224)/(-12))/7*-3. What is the remainder when d(x) is divided by 52?
49
Let t = -2804 + 2965. What is the remainder when t is divided by 32?
1
Let v(y) = 4*y**2 - 8*y - 27. Let t be 534/45 + (-14)/(-105). Let s(b) = -b**2 + 12*b + 7. What is the remainder when v(-3) is divided by s(t)?
5
What is the remainder when (22 - 255/9)*2/((-4)/1146) is divided by 16?
13
Suppose 324*n - 10951 = -30*n + 3917. Calculate the remainder when 1147 is divided by n.
13
Suppose -7*p - 8779 = -9633. What is the remainder when p is divided by 46?
30
Let z(p) = 15*p - 51. Let g(s) = 4*s + 21. Let f be g(-4). What is the remainder when 44 is divided by z(f)?
20
Suppose -1511 + 573 = -10*n + 112. Calculate the remainder when 236 is divided by n.
26
Let k(s) = -67*s - 118. Calculate the remainder when 664 is divided by k(-5).
13
Let j(k) = k**3 + 28*k**2 + 52*k + 15. Let z be j(-26). What is the remainder when 1 + (-264)/(-10) + (-6)/z is divided by 8?
3
Calculate the remainder when 3328 is divided by 1/(-3) + (-33896)/(-456).
72
Let j = -321 - -772. Let s = 471 - j. What is the remainder when 179 is divided by s?
19
Suppose 0 = -6*c - v + 5480, -31*c = -33*c + 4*v + 1844. Calculate the remainder when c is divided by 7.
4
What is the remainder when 1544 is divided by -5 - 992/31*(-1 + -4)?
149
Suppose 19*t - 4 = -5*j + 18*t, -2 = 3*j + 5*t. What is the remainder when 152 is divided by -4*j - (-48)/2?
12
Let x = 573 + -499. What is the remainder when 1038/2 - (0 - -3) is divided by x?
72
Let b = -13402 + 13597. Calculate the remainder when 958 is divided by b.
178
Suppose 20*m - 639 + 539 = 0. Calculate the remainder when 1959 is divided by m.
4
Let t be 112/12*6 - -4. Let j = 22 + -13. Calculate the remainder when (t/54*-3 + 0)*-18 is divided by j.
6
Let h be (4/(-3))/((-7)/21). Suppose -10 = t + 4*j, -5*j = h*t - 6*t + 19. What is the remainder when 92 is divided by 1 + 6/t + 60/5?
12
Let l be -52 + 51 + 5 + (-3 - -1). Suppose -2*v + 50 = -l*n, 27 = v + n + 8. Calculate the remainder when 75 is divided by v.
9
Let w = 94 - 91. Suppose 2*b = q - 104, -w*b - 74 = -2*b + 5*q. Calculate the remainder when 10 is divided by 2/5 - b/15.
2
Calculate the remainder when 2949 is divided by 1/(-2)*90/(-9).
4
Let x(s) = -3*s + 14. Let v be x(4). Suppose 2*h = 3*y + 31, h - 4*y = -v*h + 44. Suppose h*g - 44 = -4. What is the remainder when 18 is divided by g?
3
Suppose -2*l = -4*l + 8. Suppose 23 = o - u - 31, -o = 2*u - 57. Let j = -48 + o. What is the remainder when j is divided by l?
3
Suppose 11*k + 1547 = 24*k. Suppose -8 = 4*x - 88. Calculate the remainder when k is divided by x.
19
Let i(k) = -k**3 - 6*k**2 + 11*k + 23. Let h be i(-7). Calculate the remainder when 13/((-26)/(-108)) + h is divided by 25.
24
Suppose -21*k = -x - 25*k + 454, -3*x = -2*k - 1278. Calculate the remainder when x is divided by 141.
7
Let c(h) = -14*h**2 + 58*h - 7. Calculate the remainder when 201 is divided by c(3).
37
Let r = -2310 - -2573. What is the remainder when 274 is divided by r?
11
Let t(q) be the first derivative of q**4/2 - 50*q**3/3 + 2*q**2 - 48*q - 315. What is the remainder when 519 is divided by t(25)?
51
Suppose 3*o + 44 = -4*v - 67, 0 = -5*o - 5. Let b = v - -60. Calculate the remainder when 1352 is divided by b.
32
Let s(j) = 4*j - 21. Let q be s(8). Suppose q*z = -t + 8*z + 241, -5*t + 2*z + 1256 = 0. What is the remainder when t is divided by 84?
82
Let y(j) = 21*j - 21 + 18*j + j - 11*j. Calculate the remainder when y(3) is divided by 23.
20
Let m(y) = 56*y**2 - 32*y - 88. Let b be m(-3). Suppose -4*d + 320 = 2*k, -3*k - 8*d + 10*d = -b. Calculate the remainder when k is divided by 86.
82
Let o(g) = 5*g**3 + 37*g**2 + 4*g - 7. What is the remainder when o(-6) is divided by 19?
12
Suppose -12 - 6 = -9*s. Let q(y) = 4*y**3 + 3*y - 4. Calculate the remainder when 76 is divided by q(s).
8
Suppose -4*q + 5*g + 10 = -22, -2*q + 18 = -2*g. Suppose -3*c - 3*c = -210. What is the remainder when c is divided by q?
9
Suppose 0 = -9*f - 91 + 487. Suppose 2091 - f = 23*v. What is the remainder when v is divided by 35?
19
Let h be ((-6)/4)/((-27)/666). Let w = h + -34. Suppose -x - 50 = -5*d - 2*x, w*d - 38 = x. What is the remainder when d is divided by 6?
5
Let l be (-1)/(((-8)/(-230))/4). Let t = -56 - l. Calculate the remainder when t is divided by 30.
29
Let s(z) = z**3 + 4*z**2 - 7*z - 8. Let x be s(-5). Let t be ((-28)/(-8)*x)/(-1). Let l = 8 - t. Calculate the remainder when l is divided by 9.
6
Let l(h) = -h**3 + 17*h**2 - 15*h - 16. Suppose 80 = -25*j + 30*j. Let b be l(j). Suppose b*u = -16*u + 272. Calculate the remainder when u is divided by 6.
5
Suppose 0 = v - 4, 96*s = 99*s + v - 52. What is the remainder when 637 is divided by s?
13
Let r = 3493 + -3438. What is the remainder when r is divided by (1 + 9)*2/4?
0
What is the remainder when 471 is divided by (-10)/(-75) + (-209696)/(-480)?
34
Let b be (-4)/(-12) + 1112/3 + 0. Let p = -364 + b. Calculate the remainder when (-43 + 0 + 2)*-1 is divided by p.
6
Let q = 216 - 214. Let f = -47 - -74. Suppose -2*s - 3*p + f = 0, -22 = -2*s + q*p - 4*p. Calculate the remainder when 14 is divided by s.
2
Let t(k) = -11*k + 789. Calculate the remainder when 292 is divided by t(71).
4
Suppose -d - 4 = 21. Let l = -18 - d. Suppose 0 = 2*n - 3*x - 71, -3*n - 56*x = -59*x - 96. What is the remainder when n is divided by l?
4
Let x = 14 + 22. Let i(k) be the second derivative of -5*k**3/6 + 115*k**2/2 + 73*k - 2. What is the remainder when x is divided by i(21)?
6
Let g = 4543 - 4503. Calculate the remainder when g is divided by 26.
14
Suppose 233 = 7*m - 159. Suppose -99*u + 775 = -94*u. Suppose 3*t = -m + u. What is the remainder when 59 is divided by t?
26
Suppose 226*c + 243*c - 450*c = 17708. What is the remainder when c is divided by 246?
194
Let b(y) = y**2 - 4*y - 17. Let v = -21 + 22. Suppose -v + 8 = o. Calculate the remainder when 7 is divided by b(o).
3
Suppose -58*k - 15 = 25*k - 88*k. Suppose 2*s + 0*y = -4*y + 54, 4*y = -3*s + 83. Calculate the remainder when s is divided by k.
2
Calculate the remainder when (2/(-13) - 6827166/962)/(-1) is divided by 20.
17
Let y = -4920 + 4981. What is the remainder when 325 is divided by y?
20
Let v(z) = -2*z**3 + 125*z**2 - 50*z + 116. Calculate the remainder when v(62) is divided by 217.
209
Suppose -10414 = -2415*l + 2333*l. What is the remainder when l is divided by 43?
41
Suppose -3*i + 2*t + 14495 = 0, 5*i - 4*t = 9*i - 19360. Calculate the remainder when i is divided by 10.
5
Let r(l) = l**3 + 5*l**2 - 7*l - 5. Wh